41*d + 160. Let c be s(-4). Let y(r) = -r**2 - 4*r + 2. Let v be y(c). Give w(v).
-2
Let r(b) = 2*b**2 + 5*b - 7. Let v(g) = 4*g**2 + 14*g - 16. Let x(u) = 5*r(u) - 3*v(u). Determine x(-11).
-42
Let s(j) be the second derivative of -j**4/6 - 31*j**3/3 - 9*j**2/2 + 44*j. Let q be s(-31). Let g(d) = d + 6. Calculate g(q).
-3
Let p(d) = -39*d - 199. Let h = -6334 + 6329. Give p(h).
-4
Suppose 0 = 3*c - 4*c + 7. Let n(v) = -9*v - 5*v**2 - 9*v + 7*v + v**3 - 85877 + 85887. Give n(c).
31
Let u(h) = -h - 11. Suppose 4*i + 40 = -24. Let a be u(i). Let r(c) = -4*c - 6. Let p(q) = 3*q + 7. Let m(j) = -5*p(j) - 4*r(j). Give m(a).
-6
Let f(a) be the first derivative of a**3/6 - a**2/2 + 101*a + 119. Let u(j) be the first derivative of f(j). What is u(6)?
5
Let c be (-30)/35*(-56)/(-32)*2. Let w(m) = -4*m. Give w(c).
12
Let l(r) be the first derivative of r**3/3 + 9*r**2/2 + 6*r + 1298. Determine l(-11).
28
Let v(w) = 4*w**2 - w**3 + 0*w + 2 - 4*w + 0*w - w. Let g(i) = 1 + 9*i + 154*i**2 + 2 - 155*i**2 - i. Let p be g(8). Give v(p).
-4
Let k(v) = -140*v**3 + 7*v**2 + 71*v**3 + 4*v + 0 + 70*v**3 - v**2 - 4. Suppose -25 = 5*s, 4 = 3*j + 2*s + 29. Determine k(j).
1
Let m(c) = c + 8. Let p = -436 - -438. Let s(n) = n**2 - 2*n - 2. Let a(r) = r**3 + r**2 - 5*r - 4. Let b(x) = 2*a(x) - 5*s(x). Let f be b(p). Determine m(f).
14
Let t(r) = 35*r**2 + 3*r + 13. Let m(g) = -6*g**2 - 1. Let q(c) = -6*m(c) - t(c). Calculate q(-4).
21
Let v be 3 + -1 + -2 + 58 + -39. Let k(g) = g - 3*g - 8*g - 8*g + v*g - 1. Calculate k(10).
9
Let y(k) be the first derivative of k**4/4 - 10*k**3/3 - 5*k**2 - 13*k - 1. Suppose 8*j = -67*j + 211 + 719 - 105. What is y(j)?
-2
Let k(z) = 187*z**2 - 9164*z + 52. Let b be k(49). Let o(f) be the third derivative of -1/12*f**4 - 1/20*f**5 + 0 - 1/6*f**b - 38*f**2 + 0*f. What is o(-2)?
-9
Let p be -25*((-6)/(-40) + 3/(-4)). Suppose 24*m - 90 = p*m. Suppose 16*a - m*a = 6. Let x(b) = -b**2. Give x(a).
-1
Let y(u) = -u**3 - u**2 - 7*u - 28. Let s(c) = -3*c**3 - c**2 - 19*c - 85. Let o(j) = 2*s(j) - 7*y(j). Determine o(-4).
-2
Let b(o) = -o**3 + 6*o**2 - 2*o + 7. Let f = -82 - -87. Let l be (5 - (11 - 6)) + f. Give b(l).
22
Let u(s) be the second derivative of -s**4/12 - 3*s**3/2 - 2*s**2 - s. Let p = 17 - -14. Suppose -4*t - p = 5. What is u(t)?
-4
Let h(a) be the third derivative of -a**6/120 + a**4/4 - a**3/2 + 1129*a**2. Calculate h(4).
-43
Let v(y) = 2*y**2 - 28*y - 25. Let z = -282 + 297. Let w be v(z). Let p(h) be the first derivative of -h**3/3 + 3*h**2 + h + 3. Give p(w).
6
Suppose -4*l + 2 = -3*l. Let a(w) = -1 - 3 + w**l + 6*w + 9 - 2*w. Let q = 161 + -165. Give a(q).
5
Let f(d) = -d - 7. Let x be f(-8). Let v(b) = 245*b - 495*b + 247*b. Calculate v(x).
-3
Let u(n) be the third derivative of 43*n**4/24 + 301*n**3/6 + n**2 + 1851. Give u(-7).
0
Suppose -8*a + 3*a + 5 = 0. Let s(j) = 11*j**2 - 2*j - 1. Let k(o) = 23*o**2 - 5*o - 2. Suppose 5*z + 28 - 43 = 0. Let f(t) = z*k(t) - 7*s(t). Give f(a).
-8
Let b(n) = n**2 - 12*n - 14. Let p = 7704 - 7694. What is b(p)?
-34
Let n be ((-6)/(-4))/((-2)/(-4)). Let j be ((-225)/(-50))/(1 - (-4)/8). Let u(z) = j*z**2 + z**n - 3*z**2 + 9 + z. Calculate u(0).
9
Let c(b) = -16*b**3 + 13*b**2 - 40*b + 234. Let i(h) = -3*h**3 + 3*h**2 - 8*h + 45. Let j(u) = 2*c(u) - 11*i(u). Calculate j(7).
29
Let l be (2 - 2) + (1 - -8). Let h(f) be the second derivative of f**5/20 - 3*f**4/4 - f**2 - 9758*f. Give h(l).
-2
Suppose 32*p + 105 = -5*l + 30*p, l + 3*p + 8 = 0. Let m(a) = a**3 + 24*a**2 + 25*a + 63. Determine m(l).
17
Let r(v) be the first derivative of 14*v + 109 + 7/2*v**2 + 1/3*v**3. Give r(-7).
14
Let g(j) = 3*j**2 - 91*j + 590. Let w be g(21). Let m(k) be the first derivative of -1/4*k**4 + 17 + 3/2*k**w - k - 4/3*k**3. Determine m(-5).
9
Let y(p) = p**3 + 15*p**2 - 17*p + 31. Let h be y(-16). Let s = h + -48. Let d(u) be the third derivative of 19*u**4/24 + 3*u**2. Give d(s).
-19
Let p(y) = 43*y + 1626. Let w be p(-38). Let o(f) = f**2 + 10*f + 6. Give o(w).
-10
Let g(q) = -11*q - 26. Let l be g(-2). Let f(m) = m + 1. Let x = 30 - 29. Let z(u) = u - 1. Let k(v) = x*z(v) - 5*f(v). Calculate k(l).
10
Let s(n) = n**3 - 4*n**2 - 6*n + 7. Let a(k) = 6*k**3 + k - 2. Suppose -4*f + 2*o = -20, f - 26 = -3*f + 5*o. Let x = 5 - f. Let d be a(x). Give s(d).
2
Let w be (-1 + 11)/(-2) + 64 + 1. Let j be 308/w - (-1 - (-17)/15). Let h(y) = -7*y + 5. What is h(j)?
-30
Let w(s) = -6*s**2 + 5*s - 5. Let j(k) = -k**2. Let i(r) = -5*j(r) + w(r). Suppose 17*l - 15*l + 5*q = 0, 0 = -6*l + 5*q + 40. What is i(l)?
-5
Suppose 3*o - 8 = -173. Let m be 10/o*-11*(-1)/(-2). Let u(x) = 4*x + 2. Determine u(m).
6
Let g = 1624 - 1628. Let c(y) = 29*y + 122. Determine c(g).
6
Let h(k) = -7*k**2 - 62*k + 5. Let u(c) = 20*c**2 + 170*c - 14. Let q(y) = 8*h(y) + 3*u(y). Determine q(-7).
96
Let m(r) = -13*r**2 - 2*r + 92. Let y(b) = 7*b**2 + b - 48. Let f(c) = -3*m(c) - 7*y(c). Let h(t) be the first derivative of f(t). Determine h(1).
-21
Let z(d) = -6*d**3 + 6*d**2 - 2*d - 8. Let q(r) = 20*r**3 - 20*r**2 + 6*r + 29. Let o(w) = 2*q(w) + 7*z(w). Determine o(2).
-10
Let g(z) = -z - 6. Let b be g(0). Let y(f) = 2*f**2 + 119*f + 12. Let i(n) = 3*n**2 + 161*n + 15. Let p(x) = 3*i(x) - 4*y(x). Determine p(b).
-9
Let d = -1 - 1. Let l(u) = -37*u - 7. Let c(q) = 43*q + 8. Let h(g) = -6*c(g) - 7*l(g). What is h(d)?
-1
Let c(x) = -3700*x - 114693. Let f be c(-31). Let z(d) be the second derivative of -d**3/3 - 3*d**2/2 - d. Determine z(f).
-17
Let s(y) be the first derivative of 3*y**3 - 5*y**2/2 + 33. Give s(2).
26
Let w(u) = -13*u + 52. Let p be w(12). Let a = 108 + p. Let f(n) = n**2 - 4*n - 2. Calculate f(a).
-2
Let m(d) = -2*d**3 - 11*d**2 + 21*d + 7. Suppose -62 = -24*k - 4 - 226. Give m(k).
7
Let b(h) = h**2 + 8*h + 3. Let z = 4 - 14. Let u be (-2)/z - (1768/40 - -7). Let l be ((-136)/u)/((-2)/6). What is b(l)?
3
Let m(s) = 294*s - 5585. Let b be m(19). Let c(i) = 5*i**2 + 16*i - 17. Give c(b).
4
Let d(v) = 4*v**2 - 1. Let g = 220 - 218. Suppose g*c - 14 = -8, 3*z = 4*c - 3. Determine d(z).
35
Let q(j) = -5*j - 35. Let a(z) = z + 9. Let p(d) = 9*a(d) + 2*q(d). Suppose 199*x - 165*x = 374. Calculate p(x).
0
Let y(r) = -11*r**3 - 12*r**3 + 22*r**2 + 24*r**3 - 23*r**2 + 36 - r. Determine y(0).
36
Suppose -10*a - 32 = -14*a. Suppose -c = i + a - 3, c = -3*i - 11. Let x(t) = t**3 + 4*t**2 + 3*t + 1. Determine x(i).
1
Let d(h) = 110*h**2 - 14080*h - 10. Let c be d(128). Let a(z) be the third derivative of -z**6/120 - 3*z**5/20 + 5*z**4/12 + 7*z**3/3 + z**2. What is a(c)?
14
Let u(v) = -13*v**2 + 1. Let x = -57 + 60. Suppose -x*g = 4*c + c - 10, c - 10 = g. Suppose -k - 6 = -z, -3*k - 7 = 3*z + c. Calculate u(z).
-12
Let d(a) be the first derivative of -a**4/4 - 4*a**3/3 + 3*a**2/2 + 4*a - 1733. What is d(-4)?
-8
Let l(n) = -n**2 + n. Let f be (-1)/5 + 6*4/(-30). Let y be f/((-6)/(-9)*(-6)/(-8)). Determine l(y).
-6
Let c(t) = -t + 10. Let q(y) = 129*y**2 + 13*y - 2. Let f be q(-2). Let g = f + -481. Determine c(g).
3
Suppose 5*r + 7 + 8 = 5. Let u(k) = 9*k + 5. Give u(r).
-13
Let f(a) = -10*a - 1746 + 1852 + 14*a + 9*a. Determine f(0).
106
Let d(o) be the second derivative of -o**5/20 + 7*o**4/12 + 8*o**3/3 + 10*o**2 - 3*o + 3. Determine d(9).
2
Let v(n) = 11*n - 350. Suppose -138*l = 790 - 5206. Determine v(l).
2
Let g be ((-3)/6*-4)/(1098/(-162) - -7). Let m(o) = o**3 - 1 - 6*o + 0*o**3 - 3*o**2 - 5*o**2. Give m(g).
26
Suppose -98 + 53 = -15*j. Suppose j*p = 4*l + 2 + 22, -5*l - 27 = -3*p. Let v(g) = -g**3 + 3*g**2 + 4*g. Determine v(p).
0
Let b(j) = j**2 + 26*j + 107. Let f be b(-21). Suppose -2*d - 2*y = -16, 15 - 55 = -5*d + f*y. Let v(c) = 10 + c**2 - 2*c - 4*c - 4*c. What is v(d)?
-6
Let d(q) be the third derivative of -1/24*q**4 + 0*q - 1/60*q**5 + q**2 + 0 + 0*q**3. Let l = 5358 - 5359. Give d(l).
0
Let b(p) = -p**2 + 373*p - 9019. Let t be b(26). Let l(a) be the third derivative of 1/60*a**5 + 0*a - 1/12*a**4 - 1/3*a**t - 10*a**2 + 0. Calculate l(3).
1
Let t(o) = -o**2 - 14*o - 15. Suppose 0*n - 7*n - 481 = 30*n. What is t(n)?
-2
Let n(h) = -6 - 5 - 8*h**2 - 11*h + 36*h - 11*h - 7*h. What is n(2)?
-29
Let x(k) = -k**3 + 35 - 34 + 0*k**3 + 0*k**3. Let b(u) be the third derivative of u**6/120 - u**5/12 + u**4/8 + 2*u**3/3 - u**2. Let d be